+ 12*p - 18. Let b be -12 + ((-126)/70 - (-1)/(-5)). Calculate the remainder when 26 is divided by y(b).
6
Let j(d) = d**2 + 5*d + 26. What is the remainder when 69 is divided by j(-7)?
29
Let q = 955 + -908. Calculate the remainder when 86 is divided by q.
39
Let v(x) = x**2 + 23*x + 14. Calculate the remainder when v(-28) is divided by 44.
22
Let g be (74/6)/(3/(-9)). Let r = 110 + g. Calculate the remainder when r is divided by (20 + 7 + -9)/1 + -3.
13
Suppose 7*q + 12*q + 93 = 378. Calculate the remainder when -1 + 0 - (-22 + 0) is divided by q.
6
Let v = 2 - -13. Suppose k = 4*k - v, 4*k = w + 4. Suppose -5*t = 15, -5*a + 2*t + 53 = -98. Calculate the remainder when a is divided by w.
13
Suppose 10 = -3*t - 2*t. Calculate the remainder when 1*(3 + 15) + 16 + -11 is divided by (0 - t) + -2 + 13.
10
Let j = 1912 + -1443. Calculate the remainder when j is divided by 59.
56
Suppose 0 = 2*s + 3*b - 14, -2*s + 5*b - 26 = -6*s. Suppose -5*c + 624 = 4*f, 7*f = -3*c + s*f + 375. What is the remainder when c is divided by 34?
22
Suppose -o = -v + 34 - 12, 5*o = -4*v - 119. Let l = 5 - o. Calculate the remainder when 53 is divided by l.
25
Let v(y) = -46*y - 82. What is the remainder when 32 is divided by v(-2)?
2
Let j = 263 + -229. Let i(v) = v**2 - 3*v - 1. Let y be i(-4). Suppose l + f - y = 4*f, 0 = 3*l + 5*f - 39. Calculate the remainder when j is divided by l.
16
Let k = 25 - 23. Suppose 5 = -2*u + 3*u - k*y, -2*u + 2*y + 8 = 0. What is the remainder when 109 is divided by 332/12 + 1/u?
25
Suppose -74*s = -70*s + 36. Let w(j) = -7*j - 47. What is the remainder when 61 is divided by w(s)?
13
Suppose 3*m - 128 = -m. Suppose -342 = 2*c - 2*o, -c + 6*c = -2*o - 834. Let w = -75 - c. Calculate the remainder when w is divided by m.
29
Let o(m) = 7 + 4*m - 3*m - 3 - 2. Let p be o(-5). What is the remainder when 53 is divided by (0 - -15) + p + 2?
11
Let y(j) = j**3 - j**2 - 1. Let c(z) = -6*z**3 + 12*z + 19. Let a(s) = -c(s) - 5*y(s). Calculate the remainder when a(-6) is divided by 6.
4
Suppose 0 + 16 = 4*p - u, -2*p = u - 14. Let w(h) = 5*h - 12. Let z(i) = 2*i**2 - 11*i + 11. What is the remainder when z(8) is divided by w(p)?
12
Let p(q) = 8*q - 7. Let o be p(-10). Let r be o/(-2)*24/18. Suppose -2*x = 2*j + x - 34, 2*j - r = 3*x. What is the remainder when j is divided by 12?
11
Let t(c) = -c**2 + 26*c - 134. Calculate the remainder when 441 is divided by t(12).
33
Suppose -2*x + 4*b = 66, 4*x - 5*b + 67 = -59. Let d(o) = -o**3 + 4*o**2 + 2*o - 5. Calculate the remainder when (-12)/4*x/3 is divided by d(3).
9
Calculate the remainder when 87 is divided by (-1)/((-510)/(-57) - 9).
11
Suppose -2*h + 111 = 35. Calculate the remainder when 185 is divided by h.
33
Suppose -190 = -4*a - 14. Suppose 7*f + a = 11*f. Calculate the remainder when f is divided by 6.
5
Let h(j) = -4 - 10*j + 0*j**3 - 3*j - 8*j**2 - j**3. Let k be h(-6). Suppose -k*z + 108 = -0*z. Calculate the remainder when z is divided by 14.
12
Let h(y) = y**3 - 61*y**2 + 244*y + 47. What is the remainder when h(57) is divided by 24?
23
Calculate the remainder when 6/(-30) - 491/(-5)*1 is divided by 59.
39
Suppose 1528 = 3*j + 5*i, -378 = -j + 2*i + 113. Calculate the remainder when j is divided by 21.
18
Let i = 1455 - 1390. What is the remainder when 309 is divided by i?
49
Let s be ((-18)/8)/((-3)/12). Suppose 0 = -12*f + 9*f + s. What is the remainder when 39 is divided by (-20)/(f/(6/(-4)))?
9
Calculate the remainder when 510 is divided by -48*((-120)/36 - -2).
62
Suppose -5*y = -7 - 8. Let j(f) = -f + 23. Suppose 0 = p - 5 - 8. What is the remainder when j(p) is divided by y?
1
What is the remainder when -7 + 348/6 - 2 is divided by 20?
9
Let d = 282 - 243. Calculate the remainder when 147 is divided by d.
30
Let l(c) be the third derivative of c**4/4 - c**3 - 2*c**2. Let u be (-2)/(4/(-16)*2). What is the remainder when 69 is divided by l(u)?
15
Calculate the remainder when 130 is divided by (108/18)/(28/13 - 2).
13
Suppose -162 = -2*n - n. Calculate the remainder when n is divided by 31.
23
Suppose 0*a = a + 4, 3*a = -j - 3. Let x(f) = -9*f + 6. Let b(k) = 26*k - 18. Let m(o) = 6*b(o) + 17*x(o). Calculate the remainder when m(j) is divided by 11.
10
Suppose 15 = 5*p + 4*n + 4, -p + 3*n + 6 = 0. Suppose 5*z = -13 + p. Calculate the remainder when (294/(-56))/(z/8) is divided by 11.
10
Let o be ((-5)/(-3) - 8/12) + 15. Suppose -o = -9*m + 8*m. Calculate the remainder when m is divided by 14.
2
Let p = -388 - -552. Let r = 92 - 59. Calculate the remainder when p is divided by r.
32
Let t(n) = 6*n**3 - 4*n - 7*n**3 + 5*n + 38*n**2 - 36*n**2. Suppose -8 = -2*y - 2*y. Calculate the remainder when t(y) is divided by 2.
0
Let d be 5*(4 + -5 - 0). Let k(a) = -2*a + 6. What is the remainder when 44 is divided by k(d)?
12
Suppose -43*v + 5517 = -13661. Calculate the remainder when v is divided by 38.
28
Let r = -86 + 95. Suppose -r*y = -3*y - 246. What is the remainder when y is divided by 9?
5
Suppose 16 = -4*q, 5*y = -0*q - 3*q - 12. Let w(g) = -3*g + 10. What is the remainder when 57 is divided by w(y)?
7
Suppose 0*y - 2*f + 33 = 3*y, 51 = 3*y - 4*f. Suppose -5*w + 355 = -3*z, 3*w = 4*w + 4*z - 94. Calculate the remainder when 1/(2 + 0)*w is divided by y.
11
Suppose 28 - 128 = -5*w. Let x = 7 + w. Let y(f) = 15*f**3 - f**2. What is the remainder when x is divided by y(1)?
13
Let u(j) = -j**3 - 11*j**2 - 12*j + 9. Calculate the remainder when (-8240)/(-144) + 2/(-9) is divided by u(-10).
28
Let v = 4 - 0. Calculate the remainder when 40 is divided by (42/9)/(v/12).
12
Let a(m) = m**3 - 4*m**2 - 3*m + 6. Let i(x) = 55*x + 612. Calculate the remainder when i(-10) is divided by a(5).
14
What is the remainder when -1*(25 - 9)*-2 is divided by 16?
0
Suppose -7 = 4*p + 9. Let l be (p/5)/((-9)/(-45)). Let t = 19 + l. Calculate the remainder when 44 is divided by t.
14
Suppose -3*v = 5*x - 25, -2*v + 7 - 1 = 2*x. Calculate the remainder when 325 is divided by x.
5
Let f be (-2)/6 + 786/(-18) + 2. Calculate the remainder when 76 is divided by (-4 - f/4)*(1 - -1).
11
Let g(i) = i - 6. Let r be g(8). Let b be (0 - 1)/(r/6). Calculate the remainder when 29 is divided by (-106)/(-7) - b/(-21).
14
Let b = 8 + -5. Suppose 3*o - 9 = -5*g, -217*o = -221*o - 28. Calculate the remainder when g is divided by b.
0
Let g = 52 + -36. Let j = -29 + -59. Let t = j + 134. Calculate the remainder when t is divided by g.
14
Suppose -l + 5*c + 52 = 0, 3*l - 76 = -2*c + c. Let u(h) = h**2 - 6*h - 25. Calculate the remainder when l is divided by u(10).
12
Let t(l) be the second derivative of -l**4/4 - 11*l**3/6 - 4*l**2 + 4*l. Let x be t(-8). What is the remainder when 34 is divided by (x/40)/(4/(-10))?
6
Let a be ((-4 - -7) + -12)*(-6)/9. Suppose -4*l + a = -3*z - 29, -4*z + 28 = 4*l. What is the remainder when l is divided by 2?
0
Suppose 0 = -8*j + 107 + 245. Let r be (-1)/((-2 - -4)/(-2)). Calculate the remainder when j is divided by r/(-2)*(-1 + -29).
14
Let m be (-2)/1*18/(-4). Suppose 2*p = -p + m. Let g = 17 - 6. What is the remainder when g is divided by p?
2
Suppose -2*v + 260 = 5*t + 3*v, v = -4*t + 214. Suppose -2*j = 6*y - 3*y - 37, 3*j - 48 = -3*y. What is the remainder when t is divided by j?
10
Suppose f + 77 = 4*b + 24, f = -4*b + 43. Suppose 3*h = 7*h + 168. Let m = -9 - h. Calculate the remainder when m is divided by b.
9
Let j = -1592 - -1680. Calculate the remainder when 170 is divided by j.
82
Let b(d) = d**3 + d**2 - 6*d + 4. What is the remainder when 18 is divided by b(-3)?
2
Suppose -36 = -5*f - 3*a + 25, -a - 42 = -4*f. Suppose -35*n + 299 + 366 = 0. Calculate the remainder when n is divided by f.
8
Let f(x) = x**3 - 9*x**2 - 28*x - 12. Let h be f(12). Suppose i - h = -6*i. What is the remainder when i is divided by 7?
5
Let y(g) = -18*g - 45. Let s(h) = h**2 + 2*h - 2. What is the remainder when y(-3) is divided by s(-4)?
3
Let h be (-3)/(-1) - (4 + -4). Suppose h*j + 20 = -2*j. Calculate the remainder when 43 is divided by (-9 + 8/j)/(-1).
10
Suppose -2*f = -0*f + 4, -3*f - 14 = -n. Let s = -2 - -3. Let r = s + n. Calculate the remainder when 26 is divided by r.
8
Suppose -9 = 3*h, -5*h + 2*h - 65 = -c. Calculate the remainder when 165 is divided by c.
53
Let x be (-137)/(-2) + 5/(-20)